{"id":967,"date":"2021-04-07T13:26:39","date_gmt":"2021-04-07T13:26:39","guid":{"rendered":"https:\/\/celulas.com.br\/wordpress\/?page_id=967"},"modified":"2021-07-13T18:37:42","modified_gmt":"2021-07-13T18:37:42","slug":"missoes","status":"publish","type":"page","link":"https:\/\/celulas.com.br\/?page_id=967","title":{"rendered":"Miss\u00f5es"},"content":{"rendered":"<h2>MOVIMENTO MISSION\u00c1RIO DO<br \/> MINIST\u00c9RIO IGREJA EM C\u00c9LULAS<br \/>\n<\/h2>\n<p>\t\t\t\t\t\t\t\t\t\t\t\t<img decoding=\"async\" width=\"2560\" height=\"1440\" src=\"https:\/\/celulas.com.br\/wp-content\/uploads\/2021\/07\/digital-world-map-hologram-blue-background-scaled.jpg\" alt=\"\" loading=\"lazy\" srcset=\"https:\/\/celulas.com.br\/wp-content\/uploads\/2021\/07\/digital-world-map-hologram-blue-background-scaled.jpg 2560w, https:\/\/celulas.com.br\/wp-content\/uploads\/2021\/07\/digital-world-map-hologram-blue-background-300x169.jpg 300w, https:\/\/celulas.com.br\/wp-content\/uploads\/2021\/07\/digital-world-map-hologram-blue-background-1024x576.jpg 1024w, https:\/\/celulas.com.br\/wp-content\/uploads\/2021\/07\/digital-world-map-hologram-blue-background-768x432.jpg 768w, https:\/\/celulas.com.br\/wp-content\/uploads\/2021\/07\/digital-world-map-hologram-blue-background-1536x864.jpg 1536w, https:\/\/celulas.com.br\/wp-content\/uploads\/2021\/07\/digital-world-map-hologram-blue-background-2048x1152.jpg 2048w\" sizes=\"auto, (max-width: 2560px) 100vw, 2560px\" \/>\t\t\t\t\t\t\t\t\t\t\t\t\t\t<\/p>\n<p><strong>QUEM \u00c9 O SEU MAIOR AMOR? <\/strong>&#8211; Mateus 10.37-39 &#8211; <sup>37<\/sup>\u00a0\u2014 Quem ama o seu pai ou a sua m\u00e3e mais do que ama a mim n\u00e3o merece ser meu seguidor. Quem ama o seu filho ou a sua filha mais do que ama a mim n\u00e3o merece ser meu seguidor.\u00a0<sup>38<\/sup>N\u00e3o serve para ser meu seguidor quem n\u00e3o estiver pronto para morrer como eu vou morrer e me acompanhar.\u00a0<sup>39<\/sup>Quem procura os seus pr\u00f3prios interesses nunca ter\u00e1 a vida verdadeira; mas quem esquece a si mesmo, porque \u00e9 meu seguidor, ter\u00e1 a vida verdadeira.<\/p>\n<\/p>\n<p><strong>FAZER DISC\u00cdPULOS DE TODAS AS NA\u00c7\u00d5ES<\/strong><strong> \u00c9 UM COMANDO DE CRISTO PARA SUA IGREJA, N\u00c3O \u00c9 UMA OP\u00c7\u00c3O<\/strong>\u2013 Mateus 28.19-20 \u2013 <sup>19<\/sup> Portanto, <strong>v\u00e3o a todos os povos do mundo e fa\u00e7am com que sejam meus seguidores<\/strong>, batizando esses seguidores em nome do Pai, do Filho e do Esp\u00edrito Santo <sup>20<\/sup> e ensinando-os a obedecer a tudo o que tenho ordenado a voc\u00eas. E lembrem disto: eu estou com voc\u00eas todos os dias, at\u00e9 o fim dos tempos.<\/p>\n<h3>Somos uma Igreja voltada para si mesma<br \/> ou aberta para ganhar o mundo?<\/h3>\n<table width=\"690\">\n<tbody>\n<tr>\n<td width=\"347\">\n<p><strong>VOLTADA PARA SI<\/strong><\/p>\n<\/td>\n<td width=\"343\">\n<p><strong>ABERTA PARA GANHAR O MUNDO<\/strong><\/p>\n<\/td>\n<\/tr>\n<tr>\n<td width=\"347\">\n<p>N\u00e3o faz a diferen\u00e7a na sociedade<\/p>\n<\/td>\n<td width=\"343\">\n<p>Inserida nas situa\u00e7\u00f5es da vida das pessoas<\/p>\n<\/td>\n<\/tr>\n<tr>\n<td width=\"347\">\n<p>Os dons s\u00e3o s\u00f3 para servir na igreja<\/p>\n<\/td>\n<td width=\"343\">\n<p>Os dons s\u00e3o tamb\u00e9m para servir a sociedade<\/p>\n<\/td>\n<\/tr>\n<tr>\n<td width=\"347\">\n<p>Espiritualidade para si mesmo<\/p>\n<\/td>\n<td width=\"343\">\n<p>Espiritualidade que d\u00e1 frutos<\/p>\n<\/td>\n<\/tr>\n<tr>\n<td width=\"347\">\n<p>Nossas vontades s\u00e3o o centro<\/p>\n<\/td>\n<td width=\"343\">\n<p>Cristo \u00e9 o centro<\/p>\n<\/td>\n<\/tr>\n<tr>\n<td width=\"347\">\n<p>Vis\u00e3o institucional<\/p>\n<\/td>\n<td width=\"343\">\n<p>Vis\u00e3o mission\u00e1ria<\/p>\n<\/td>\n<\/tr>\n<tr>\n<td width=\"347\">\n<p>Alienadora<\/p>\n<\/td>\n<td width=\"343\">\n<p>Transformadora<\/p>\n<\/td>\n<\/tr>\n<tr>\n<td width=\"347\">\n<p>Programas e atividades para agradar membros<\/p>\n<\/td>\n<td width=\"343\">\n<p>Programas e atividades para edificar vidas<\/p>\n<\/td>\n<\/tr>\n<tr>\n<td width=\"347\">\n<p>Atrair pessoas para a igreja<\/p>\n<\/td>\n<td width=\"343\">\n<p>Ser igreja na sociedade<\/p>\n<\/td>\n<\/tr>\n<tr>\n<td width=\"347\">\n<p>Qual ser\u00e1 a pr\u00f3xima atividade?<\/p>\n<\/td>\n<td width=\"343\">\n<p>Como estou investindo em vidas?<\/p>\n<\/td>\n<\/tr>\n<tr>\n<td width=\"347\">\n<p>Espectadores<\/p>\n<\/td>\n<td width=\"343\">\n<p>Embaixadores<\/p>\n<\/td>\n<\/tr>\n<tr>\n<td width=\"347\">\n<p>Monumento \u2013 Estrutura<\/p>\n<\/td>\n<td width=\"343\">\n<p>Movimento \u2013 Pessoas<\/p>\n<\/td>\n<\/tr>\n<tr>\n<td width=\"347\">\n<p>Centrada no Pastor<\/p>\n<\/td>\n<td width=\"343\">\n<p>O povo de Deus<\/p>\n<\/td>\n<\/tr>\n<tr>\n<td width=\"347\">\n<p>Minist\u00e9rio ao redor do templo<\/p>\n<\/td>\n<td width=\"343\">\n<p>Minist\u00e9rio como fruto da miss\u00e3o<\/p>\n<\/td>\n<\/tr>\n<tr>\n<td width=\"347\">\n<p>Cada crist\u00e3o um membro<\/p>\n<\/td>\n<td width=\"343\">\n<p>Cada crist\u00e3o um Discipulador<\/p>\n<\/td>\n<\/tr>\n<tr>\n<td width=\"347\">\n<p>Formar novos membros<\/p>\n<\/td>\n<td width=\"343\">\n<p>Formar novos disc\u00edpulos de Jesus<\/p>\n<\/td>\n<\/tr>\n<tr>\n<td width=\"347\">\n<p>Regida pelo que foi feito no passado<\/p>\n<\/td>\n<td width=\"343\">\n<p>Regida olhando as necessidades atuais e futuras<\/p>\n<\/td>\n<\/tr>\n<tr>\n<td width=\"347\">\n<p>Ir para o c\u00e9u<\/p>\n<\/td>\n<td width=\"343\">\n<p>Ir para o c\u00e9u e levar pessoas junto<\/p>\n<\/td>\n<\/tr>\n<tr>\n<td width=\"347\">\n<p>Ensino para ganhar maior conhecimento<\/p>\n<\/td>\n<td width=\"343\">\n<p>Ensino para praticar e ajudar outros a praticarem<\/p>\n<\/td>\n<\/tr>\n<tr>\n<td width=\"347\">\n<p>Religioso<\/p>\n<\/td>\n<td width=\"343\">\n<p>Disc\u00edpulo apaixonado<\/p>\n<\/td>\n<\/tr>\n<\/tbody>\n<\/table>\n<p><strong>Miss\u00f5es precisa ser a fun\u00e7\u00e3o b\u00e1sica da Igreja!<\/strong><\/p>\n<p><strong>Fazer Disc\u00edpulos de todas as na\u00e7\u00f5es precisa ser a fun\u00e7\u00e3o b\u00e1sica da Igreja!<\/strong><\/p>\n<p><strong>Pela Uni\u00e3o de v\u00e1rios Pa\u00edses em Parceria com o CCMN<\/strong>(Rede Mission\u00e1ria de Igrejas em c\u00e9lulas Mundial liderada por Hong Kong)<strong>, \u00e9 poss\u00edvel Fazer Disc\u00edpulos ao redor do mundo! <\/strong><\/p>\n<p>Hong Kong, Jap\u00e3o, Sri Lanka, Taiwan, Iraque, Camboja, China, Mal\u00e1sia, Bangladesh, \u00cdndia, Tun\u00edsia, Jord\u00e2nia, Indon\u00e9sia, L\u00edbano-S\u00edria, Tail\u00e2ndia, Canad\u00e1, Estados Unidos, Austr\u00e1lia, Paquist\u00e3o, Burma, Brasil.<\/p>\n<p>Atualmente (2021), temos 13 mission\u00e1rios brasileiros nos campos mu\u00e7ulmanos! Nossos mission\u00e1rios s\u00e3o de Curitiba-PR, S\u00e3o Lu\u00eds-MA, Lu\u00eds Eduardo Magalh\u00e3es-BA, Lajeado-RS e Raposo-RJ.<\/p>\n<p><strong>\u00a0<\/strong><\/p>\n<p><strong>Quais s\u00e3o os nossos valores em parceria com o CCMN?<\/strong><\/p>\n<p><strong>O slogan \u00e9 este: <\/strong>\u201cOneBody! OneChurch!\u201d (Um corpo! Uma Igreja!).<\/p>\n<p><strong>1 \u2013 Servos para o reino!<\/strong><\/p>\n<ul>\n<li>Se doar<\/li>\n<li>Construir o Reino de Deus e n\u00e3o o seu pr\u00f3prio Reino<\/li>\n<\/ul>\n<p><strong>2 \u2013 Paix\u00e3o por miss\u00f5es!<\/strong><\/p>\n<ul>\n<li>Mantenha a chama queimando<\/li>\n<li>Continue se permitindo passar pelo fogo para n\u00e3o perder a chama<\/li>\n<li>Miss\u00f5es \u00e9 para todos (Voc\u00ea faz parte disso)<\/li>\n<\/ul>\n<p><strong>3 \u2013 N\u00f3s somos uma fam\u00edlia!<\/strong><\/p>\n<ul>\n<li>Nossa base est\u00e1 em relacionamentos<\/li>\n<li>Podemos ser bem diferentes, mas juntos formamos um s\u00f3 corpo.<\/li>\n<\/ul>\n<p><strong>4 \u2013 O poder da parceria!<\/strong><\/p>\n<ul>\n<li>Fazer algo juntos \u00e9 mais poderoso e eficiente do que fazer sozinho.<\/li>\n<li>\u201cSe voc\u00ea quer ir r\u00e1pido, v\u00e1 sozinho. Se voc\u00ea quer ir longe, v\u00e1 com algu\u00e9m!\u201d<\/li>\n<\/ul>\n<p><strong>5 \u2013 Dedica\u00e7\u00e3o!<\/strong><\/p>\n<ul>\n<li>Quando ouvimos a voz de Deus, n\u00f3s precisamos ser obedientes (V\u00e1!)<\/li>\n<li>Enfrentaras dificuldades<\/li>\n<li>N\u00e3o cessar de buscar avan\u00e7os e supera\u00e7\u00e3o<\/li>\n<\/ul>\n<p><strong>6 \u2013 A qualquer custo!<\/strong><\/p>\n<ul>\n<li>Sem medo de sofrer<\/li>\n<li>Sem medo de sacrificar<\/li>\n<li>Dispon\u00edvel para pagar qualquer pre\u00e7o pela Grande Comiss\u00e3o<\/li>\n<\/ul>\n<p><strong>7 \u2013 Contando com pessoas simples!<\/strong><\/p>\n<ul>\n<li>Cada um \u00e9 valioso<\/li>\n<li>Cada um \u00e9 importante e Deus pode usar a todos<\/li>\n<li>\u201cPessoas simples fazem coisas extraordin\u00e1rias\u201d<\/li>\n<li>Todos crescemos juntos<\/li>\n<\/ul>\n<p><strong>\u00a0<\/strong><\/p>\n<p><strong>Dois times trabalham juntos para mobilizar as Redes: <\/strong>Time dos Pastores e o Smart Team (Time inteligente).<\/p>\n<p>O Time dos Pastores s\u00e3o os mobilizadores e facilitadores do movimento.<\/p>\n<p>O Smart Team s\u00e3o os que organizam e conectam pessoas, igrejas, mission\u00e1rios, recursos.<\/p>\n","protected":false},"excerpt":{"rendered":"<p>MOVIMENTO MISSION\u00c1RIO DO MINIST\u00c9RIO IGREJA EM C\u00c9LULAS QUEM \u00c9 O SEU MAIOR AMOR? &#8211; Mateus 10.37-39 &#8211; 37\u00a0\u2014 Quem ama o seu pai ou a sua m\u00e3e mais do que ama a mim n\u00e3o merece ser meu seguidor. Quem ama o seu filho ou a sua filha mais do que [&hellip;]<\/p>\n","protected":false},"author":1,"featured_media":0,"parent":0,"menu_order":0,"comment_status":"closed","ping_status":"open","template":"elementor_theme","meta":{"_themeisle_gutenberg_block_has_review":false,"footnotes":""},"class_list":["post-967","page","type-page","status-publish","hentry"],"_links":{"self":[{"href":"https:\/\/celulas.com.br\/index.php?rest_route=\/wp\/v2\/pages\/967","targetHints":{"allow":["GET"]}}],"collection":[{"href":"https:\/\/celulas.com.br\/index.php?rest_route=\/wp\/v2\/pages"}],"about":[{"href":"https:\/\/celulas.com.br\/index.php?rest_route=\/wp\/v2\/types\/page"}],"author":[{"embeddable":true,"href":"https:\/\/celulas.com.br\/index.php?rest_route=\/wp\/v2\/users\/1"}],"replies":[{"embeddable":true,"href":"https:\/\/celulas.com.br\/index.php?rest_route=%2Fwp%2Fv2%2Fcomments&post=967"}],"version-history":[{"count":30,"href":"https:\/\/celulas.com.br\/index.php?rest_route=\/wp\/v2\/pages\/967\/revisions"}],"predecessor-version":[{"id":1901,"href":"https:\/\/celulas.com.br\/index.php?rest_route=\/wp\/v2\/pages\/967\/revisions\/1901"}],"wp:attachment":[{"href":"https:\/\/celulas.com.br\/index.php?rest_route=%2Fwp%2Fv2%2Fmedia&parent=967"}],"curies":[{"name":"wp","href":"https:\/\/api.w.org\/{rel}","templated":true}]}}