{"id":522,"date":"2021-03-23T13:54:14","date_gmt":"2021-03-23T13:54:14","guid":{"rendered":"https:\/\/celulas.com.br\/wordpress\/?page_id=522"},"modified":"2025-05-20T20:39:21","modified_gmt":"2025-05-20T20:39:21","slug":"parceiros-2","status":"publish","type":"page","link":"https:\/\/celulas.com.br\/?page_id=522","title":{"rendered":"\u00c1rea Pardceiros"},"content":{"rendered":"<h1>Bem Vindo!<\/h1>\n<h3>Essa \u00e1rea \u00e9 sua.<br \/>\nNela voc\u00ea vai encontrar ferramentas que o ajudar\u00e1 na tarefa de expans\u00e3o do Reino de Deus, seja ensinando, treinando, mentoriando ou discipulando.<\/h3>\n<p>Arquivos, PDF, PPT, WORD, JPG, PNG e V\u00eddeos<\/p>\n<p>Clique no Menu abaixo para direcionar\u00a0 voc\u00ea a \u00e1rea de Downloads<\/p>\n","protected":false},"excerpt":{"rendered":"<p>Bem Vindo! Essa \u00e1rea \u00e9 sua. Nela voc\u00ea vai encontrar ferramentas que o ajudar\u00e1 na tarefa de expans\u00e3o do Reino de Deus, seja ensinando, treinando, mentoriando ou discipulando. Arquivos, PDF, PPT, WORD, JPG, PNG e V\u00eddeos Clique no Menu abaixo para direcionar\u00a0 voc\u00ea a \u00e1rea de Downloads<\/p>\n","protected":false},"author":1,"featured_media":0,"parent":0,"menu_order":0,"comment_status":"closed","ping_status":"open","template":"page-templates\/template-pagebuilder-full-width.php","meta":{"_themeisle_gutenberg_block_has_review":false,"footnotes":""},"class_list":["post-522","page","type-page","status-publish","hentry"],"_links":{"self":[{"href":"https:\/\/celulas.com.br\/index.php?rest_route=\/wp\/v2\/pages\/522","targetHints":{"allow":["GET"]}}],"collection":[{"href":"https:\/\/celulas.com.br\/index.php?rest_route=\/wp\/v2\/pages"}],"about":[{"href":"https:\/\/celulas.com.br\/index.php?rest_route=\/wp\/v2\/types\/page"}],"author":[{"embeddable":true,"href":"https:\/\/celulas.com.br\/index.php?rest_route=\/wp\/v2\/users\/1"}],"replies":[{"embeddable":true,"href":"https:\/\/celulas.com.br\/index.php?rest_route=%2Fwp%2Fv2%2Fcomments&post=522"}],"version-history":[{"count":27,"href":"https:\/\/celulas.com.br\/index.php?rest_route=\/wp\/v2\/pages\/522\/revisions"}],"predecessor-version":[{"id":2257,"href":"https:\/\/celulas.com.br\/index.php?rest_route=\/wp\/v2\/pages\/522\/revisions\/2257"}],"wp:attachment":[{"href":"https:\/\/celulas.com.br\/index.php?rest_route=%2Fwp%2Fv2%2Fmedia&parent=522"}],"curies":[{"name":"wp","href":"https:\/\/api.w.org\/{rel}","templated":true}]}}